2
Let i(w) = w**3 + 6*w**2 + w + 4. Let j = -43 - -37. What is i(j)?
-2
Suppose 12 = i - 2*s + 4, -4*s = 4*i - 92. Let o(b) = -8*b - 2 - 9*b + i*b. Determine o(4).
2
Let j(i) = -6*i**2 - 3*i + 2. Let y be j(-1). Let x(h) be the first derivative of -h**2/2 + 1. Give x(y).
1
Let f(d) = -d**2 + 2*d + 1. Let o = 18 - 6. Suppose -t + o = -0. Suppose 6 = 3*s + t. Calculate f(s).
-7
Let p(w) = -30*w + 4 + 12*w + 3*w + 12*w. Suppose -3*f + 6 = -12. Give p(f).
-14
Let c be -5 - 1/3*0. Let u = -3 - 2. Let y(a) = a**2 + 4*a - 6. Let g(w) = w**2 + 4*w - 7. Let r(z) = u*y(z) + 4*g(z). Determine r(c).
-3
Suppose 0*h - 4*h + 8 = 0, 4*j + 3*h = 14. Let a(m) be the second derivative of -1/12*m**4 - 3/2*m**j - 1/20*m**5 + 2*m + 0 - 1/2*m**3. Determine a(-2).
7
Let w(r) = -r - 6 + 4*r**2 - 2*r**3 - 3*r - 2*r + 3*r**3. Suppose 3*t + 2*b = -22 - 3, 30 = -5*t - b. Give w(t).
-1
Let y(g) be the second derivative of g**4/12 - g**2/2 + 2*g. Let c be (-6)/(-8) + 3/12. Give y(c).
0
Suppose 4*z = 5 + 19. Let c(j) = 62*j + 67*j - 128*j. Calculate c(z).
6
Let l(s) be the first derivative of -s**2/2 + 2*s + 12. Let c(n) = -4*n**3 - n**2 - n + 1. Let o be c(1). Give l(o).
7
Let i(c) = -5*c - 1. Let q = 22 + -21. Calculate i(q).
-6
Let r(o) = -1 + 2*o + 0*o + 0 + 0. Calculate r(3).
5
Let r(i) = 2*i + 1. Let d(a) = -a - 6. Let t be d(-5). Give r(t).
-1
Let v = -30 + 33. Let n(r) = r**2 - 5*r + 3. What is n(v)?
-3
Let a(u) = u**2 - 2. Let g be a(0). Let q be g/3*(0 + 3). Let z(j) = 2*j**2 + j - 1. Give z(q).
5
Let l(x) = x**3 - 5*x**2 + 5*x - 2. Let b be l(3). Let y(r) = r**3 + 4*r**2 - 6*r - 4. Determine y(b).
1
Let x(d) be the second derivative of -d**6/360 + d**5/30 - d**4/24 - 3*d**3/2 + d. Let t(i) be the second derivative of x(i). Give t(3).
2
Let d(c) = 10*c**3 + c**2 + c + 1. Let o be (5/(-15))/(2/6). Determine d(o).
-9
Let c(x) be the second derivative of 4*x**2 + 0 - 1/6*x**3 - 2*x - 1/12*x**4 - 1/20*x**5. Suppose 0 = -5*a + 5*y + 15, 0 = -5*y - 9 - 6. Determine c(a).
8
Let h(c) = -8*c**2 + 6*c**2 + 0*c**3 - c**3 + 7*c + 1 - 3*c. Give h(-3).
-2
Suppose 0 = -11*w - 53 + 9. Let u(l) = -l**3 - 4*l**2 + l + 1. Give u(w).
-3
Let b(k) = -6*k - 3. Let m be b(-7). Suppose -4*p - 5*g + m = -2*g, -3*p - 4*g = -38. Let y(n) = -2*n + 3. Calculate y(p).
-9
Let l(d) = -4 + 0 + 5*d + d**2 + 3. Suppose 0 = -13*b + 13 - 65. Determine l(b).
-5
Let t(p) = -p**2 - 8*p - 6. Suppose -7 + 32 = q. Let k be (-6)/(-2)*q/(-15). Give t(k).
9
Let r(m) = m - 8. Let l be r(7). Let i(b) = 2*b**2 + 4*b + 5. Let v(p) = 8 + 5*p + 6*p**2 - 2 - 3*p**2. Let t(d) = 5*i(d) - 4*v(d). Give t(l).
-1
Let g(y) be the second derivative of y**3/6 + y**2 + 7*y. Calculate g(-5).
-3
Let w(r) = -2*r + 4. Let x be w(0). Let h(c) be the second derivative of -c**5/20 + 5*c**4/12 - c**3/2 + 3*c**2 - c. Calculate h(x).
10
Let s(t) = t**3 + 0*t**3 - 63*t**2 + 66*t**2 + 3*t + 3. What is s(-2)?
1
Let t(s) be the third derivative of 0 - 4*s**2 + 0*s - 1/24*s**4 + 4/3*s**3. Give t(-6).
14
Let h(d) = d + 4. Let i(z) = z + 4. Let t(k) = 5*h(k) - 4*i(k). Give t(-2).
2
Let w = 5 + -2. Suppose 0 = -w*k + k + 10. Let a(j) = j**2 - 5*j. Determine a(k).
0
Let n(k) = -14*k - 5. Let u(q) = 27*q + 9. Let v(w) = -7*n(w) - 4*u(w). Let b = 6 + -4. Suppose 3*i = -5 + b. Give v(i).
9
Let s(i) = 5*i**3 + 7*i**2 - 20*i - 4. Let w(n) = -3*n**3 - 5*n**2 + 13*n + 3. Let b(g) = -5*s(g) - 8*w(g). Determine b(4).
-4
Let h be ((-3)/4)/(2/16). Let w(s) = 1253 - 6*s + 8*s - 1247. What is w(h)?
-6
Suppose -h = 3*h - 16. Suppose -h*i + 6 = 4*t - 3*i, 5*t - i = 12. Let g(s) = -s**2 + s. Give g(t).
-2
Let q(d) = 4*d - 5*d**2 - 19*d**2 + 23*d**2. Give q(4).
0
Let w(d) = 14*d + 2 - 4 - 15*d. What is w(-3)?
1
Let s(g) = 4*g**3 - 21*g**2 - 19*g + 25. Let d(k) = k**3 - 7*k**2 - 6*k + 8. Let p(i) = -7*d(i) + 2*s(i). What is p(-6)?
6
Let w(q) be the third derivative of q**6/120 + q**5/10 + q**4/6 + 2*q**3/3 + 11*q**2. Determine w(-6).
-20
Let z(r) be the second derivative of r**5/60 + 5*r**4/24 - r**3 + 7*r**2/2 - 8*r. Let h(v) be the first derivative of z(v). What is h(-5)?
-6
Let f(i) = -i + 1. Suppose t + 0*t = 7. Suppose -4*q = -1 - t. Suppose -q*m = -m. Calculate f(m).
1
Suppose s - 5*m + 3*m - 4 = 0, 0 = 4*s + 3*m - 27. Suppose 0 = 4*f - s*f. Let v(u) = -4*u + 5. Let l(p) = 7*p - 10. Let b(d) = 3*l(d) + 5*v(d). What is b(f)?
-5
Let d(x) = -6*x**3 - 3*x**2 + x + 3. Let h(n) = -n**3 - n**2 + 1. Let w be (-120)/66 + 4/(-22). Let l(y) = w*h(y) + d(y). Calculate l(-1).
3
Let a be 1 + (-1)/(-1) - -3. Let v(s) be the third derivative of -1/60*s**a + s**2 + 0 - 1/12*s**4 + 0*s - 1/3*s**3. Give v(-3).
-5
Suppose 0 = -6*d + 9 - 3. Let c(g) = g**3 - g**2 + 2*g - 1. Calculate c(d).
1
Let v(y) be the third derivative of -y**4/24 - y**3/3 - 24*y**2. Suppose u = 2*u - 2. Let g be u/4 + (-27)/6. Calculate v(g).
2
Let u(n) be the third derivative of n**5/60 - n**4/12 + n**3/2 - 10*n**2. Calculate u(2).
3
Let m(c) = 6*c + 3. Let j(g) = -3*g - 2. Let q(s) = 7*j(s) + 3*m(s). Determine q(-4).
7
Let o(u) = 2*u - 2. Let f = 5 + -1. Calculate o(f).
6
Let y be -1 - -2 - (-4 - -3). Let d be (-2)/2*-13*1. Let f(g) = -d*g + 4*g**2 + 10*g - 2*g**3 + 0*g**2. What is f(y)?
-6
Let j = -24 - -14. Let i be 1/(2 - j/(-6)). Let s(b) = 1 - 5*b**2 - 2*b + 1 + b**i + 2*b**2. Determine s(3).
-4
Suppose -4*b - 15 = -3. Let h(d) = 4*d**2 - 5*d + 4 - 3 - 5*d**2. Calculate h(b).
7
Suppose 0 = -2*q - 10 + 2. Let b(m) = -3*m + m + 3*m + 6. Calculate b(q).
2
Let n(t) = t**3 + 5*t**2 - t - 7. Let c = 11 + -8. Suppose -c*y = 3*r + 342, -7 = 3*y + 2. Let a be r/21 + 4/14. Give n(a).
-2
Let s(r) = -77 - 2*r + 29 + 30 + 25. Determine s(6).
-5
Let x be 28/(-35)*30/4. Let l(a) = -a**2 - 4*a + 3. Give l(x).
-9
Let m(n) = n**2 + 2*n + 1. Let w be m(-1). Let j(t) = 11*t**2 - t. Let y be j(-1). Suppose w = 3*l - l + y. Let v(a) = -a**2 - 6*a + 7. Determine v(l).
7
Let z(s) be the second derivative of 1/2*s**2 - 3*s + 1/24*s**4 + 0 + 1/6*s**3. Let k(m) be the first derivative of z(m). Calculate k(-1).
0
Suppose w = 2*w. Let o(d) = -3*d**2 + d - 1 + 0*d**2 + 5*d**2 + w*d**3 - d**3. Give o(3).
-7
Let s(h) = 2*h**2 + h + 2. Let k(d) = 5*d + 1 + 0 + 4 - 4. Let z be k(1). Suppose 2*w = -w + z. What is s(w)?
12
Suppose -5*h = 4*b - 32, 3*h + b = h + 14. Let w be (-5)/10 - 44/h. Let j(k) = -1 - 4*k**3 + 7*k + 0*k**3 + 3*k**3 - 5*k**2. Determine j(w).
-7
Let w(i) = i + 2. Let r = 3 - -1. Suppose -2*g - k = 8, 3*g = k + r - 26. What is w(g)?
-4
Let c(m) = -16*m**2 + 1. Let w(v) = 3*v - 5. Let x be w(2). Calculate c(x).
-15
Let a(c) be the first derivative of 7*c**2/2 - c - 13. Let z(l) = -2*l + 3. Suppose 0 = 2*i + 5*r - 24, -3*i - 10 = 5*r - 36. Let g be z(i). Give a(g).
-8
Let j be 6/(-9) - (-5)/3. Let x(h) = 0 - h**2 + 2 + 0*h**2 + 3*h. Let f(k) = -k. Let g(p) = j*x(p) + 6*f(p). Give g(2).
-8
Let z(k) = 18*k**2 - k**3 - 10*k**2 - k - 7*k**2 - 2. Determine z(0).
-2
Let k(o) be the second derivative of -o**5/20 - 7*o**4/12 - 3*o**3/2 - o**2/2 - 3*o. Calculate k(-6).
17
Let x(v) = 5*v**2 + 8*v**2 - 11*v**2. Give x(2).
8
Let o(u) be the third derivative of u**6/120 - u**5/10 - 5*u**4/24 - 4*u**3/3 - 5*u**2. Determine o(7).
6
Let z(c) = -10*c**2 - 2*c - 1. Let n(l) = l + 1. Let o be n(3). Suppose 0 = -3*x - p + 1, -2*p + o = -p. Give z(x).
-9
Let m(b) = b - 8. Let a = 25 + -15. Let t be m(a). Let z(d) = -7*d + 2. What is z(t)?
-12
Let f(g) = 10*g - 1. Suppose -10 = -2*d - 8. Calculate f(d).
9
Let d be (-6)/(-9)*78/4. Let s = d - 9. Let w(x) = x. Calculate w(s).
4
Let a = 31 - 28. Let w(o) = o - 5. Let x(z) = -z + 4. Let s(i) = 2*w(i) + 3*x(i). What is s(a)?
-1
Suppose 0 = -u + 4*n - 5, 3*u + 3*n - 3 = 6*n. Let m(t) = -t**3 + 2*t**2 - t - 1. Give m(u).
-13
Suppose 0 = 4*g - 4*r - 4, 5*r + 9 = 5*g - g. Let n(k) = -k + 3*k - 4*k**2 + 3*k - 1 - 4*k - k**3. Determine n(g).
-5
Let k(l) = -2*l + 3. Let i(m) = 5*m - 8. Let q(p) = -3*i(p) - 8*k(p). What is q(6)?
6
Let a(n) = -8*n**2 + 4 + 17*n**2 - 8*n**2 + n. Suppose -3*z - j = j + 12, z - 4 = 2*j. Let l be 5/((-15)/6) - z. Give a(l).
4
Let z(i) = -7*i - 8. Let v(m) = -10*m - 11. Let g(u) = -5*v(u) + 7*z(u). Suppose -2 = -l - 3. Calculate g(l).
-2
Let l(n) = -n**3 - 4*n**2 - 2*n + 2. Let x be l(-2). Let v(h) = -h**2 + 2*h - 1. Give v(x).
-9
Let u(h) = 1 - 7*h - 7*h + 12*h. Determi